Let m(f) = -17698*f - 336255. Determine m(-19).
7
Let t(w) = -2*w**2 + 218*w + 379063. Give t(-384).
439
Let s(q) = 1412*q**2 + 134*q + 134. Determine s(-1).
1412
Let j(x) = 991*x - 5951. What is j(6)?
-5
Let u(z) = 2*z**3 - 42*z**2 - 45*z - 90. Calculate u(22).
-112
Let p(y) = 1470*y + 442415. Give p(-301).
-55
Let n(l) = l**3 + 74*l**2 + 1162*l + 4463. Give n(-54).
35
Let i(q) = -11*q**3 + 24*q**2 - 12*q + 134. What is i(0)?
134
Let f(y) = -477*y**2 - 14304*y + 140. What is f(-30)?
-40
Let m(g) = 2*g**2 + 368*g - 753. Give m(2).
-9
Let n(b) = 736*b - 306863. What is n(417)?
49
Let u(y) = 3*y**3 - 105*y**2 + 23*y - 532. Give u(35).
273
Let u(n) = -2*n**2 + 74*n + 419. Give u(-5).
-1
Let t(j) = 2*j**2 + 109*j - 2038. Give t(-71).
305
Let s(x) = 232*x**2 - 1650*x - 268. Calculate s(7).
-450
Let u(b) = b**3 + 2*b**2 - 46*b + 367. Determine u(8).
639
Let y(b) = 91*b**2 + 18018*b + 25. Give y(-198).
25
Let u(s) = -31*s**2 + 697*s + 111. Give u(23).
-257
Let b(u) = u**3 - 122*u**2 - 933*u - 210. What is b(-7)?
0
Let m(c) = 328*c - 1183. Calculate m(-2).
-1839
Let v(c) = 33689*c - 19472242. What is v(578)?
0
Let p(d) = -38983*d - 311980. Give p(-8).
-116
Let w(t) = 1447*t + 15947. Calculate w(-11).
30
Let i(y) = 20*y**2 - 622*y - 7052. Give i(40).
68
Let r(k) = k**3 - 86*k**2 - 3324*k - 1273. Calculate r(115).
-8
Let d(a) = 3*a**3 - 7643*a**2 + 15219*a + 129. Give d(2).
19
Let o(b) = -18898*b - 113192. Determine o(-6).
196
Let j(n) = -5*n**3 + 59*n**2 - 643*n + 7859. Determine j(12).
-1
Let b(d) = 201*d - 1398. Calculate b(6).
-192
Let f(k) = k**2 - 38*k - 435. Give f(63).
1140
Let o(m) = 25*m**2 + 785*m + 240. What is o(-31)?
-70
Let f(u) = -413*u**2 - 14878*u - 320. Give f(-36).
40
Let s(n) = -33*n**2 + 6602*n - 402. Determine s(200).
-2
Let a(u) = 2*u**2 - 80*u + 1945. Calculate a(32).
1433
Let k(u) = -20425*u - 142948. What is k(-7)?
27
Let h(n) = -3576*n + 21643. What is h(6)?
187
Let c(t) = -16228*t - 82339. Give c(-5).
-1199
Let u(w) = -481*w - 167576. Give u(-348).
-188
Let j(r) = r**3 + 86*r**2 + 149*r + 5376. Determine j(-85).
-64
Let u(v) = -8*v**2 + 311*v + 20826. Give u(74).
32
Let h(n) = -2*n**3 + 23*n**2 - 57*n + 400. What is h(15)?
-2030
Let w(f) = 4*f**2 - 23*f - 113. What is w(21)?
1168
Let i(o) = -o**2 + 1941*o - 11683. What is i(6)?
-73
Let i(x) = -x**3 + 1233*x**2 + 14964*x + 290. Give i(-12).
2
Let b(f) = -611*f**2 - 15266*f - 15. What is b(-25)?
-240
Let v(l) = 9*l**2 - 5556*l - 108829. Give v(-19).
-16
Let r(w) = 65*w**3 - 2664*w**2 + 75*w - 4777. Determine r(41).
-21
Let t(z) = -283*z - 16. Determine t(0).
-16
Let c(k) = k**3 - 404*k**2 + 616*k - 85838. Determine c(403).
1
Let o(g) = -345*g**3 - 6*g**2 - 149*g + 156. What is o(1)?
-344
Let j(i) = -10*i**2 + 185*i + 8323. What is j(-21)?
28
Let i(d) = -139*d**3 - 117*d**2 - 121*d - 2. Determine i(-1).
141
Let x(s) = -6*s**3 + 75*s**2 + 43*s - 31. What is x(13)?
21
Let q(v) = 4704*v - 18163. What is q(4)?
653
Let z(j) = 10*j**2 + 1041*j + 2024. What is z(-2)?
-18
Let y(c) = -28*c**3 + 367*c**2 - 12*c - 386. What is y(13)?
-35
Let z(d) = -10*d**3 - 251*d**2 + 1169*d + 1067. Calculate z(-29).
-35
Let j(w) = -w**3 - 36*w**2 - 8*w + 1173. Determine j(-34).
-867
Let j(b) = -6592*b + 98874. Calculate j(15).
-6
Let o(j) = -3931*j - 55238. Determine o(-14).
-204
Let t(r) = -r**2 + 149*r + 491. Calculate t(153).
-121
Let t(h) = h**3 + 29*h**2 + 87*h + 271. Calculate t(-23).
1444
Let s(o) = -o**3 + 387*o**2 + 1505*o + 23070. Give s(391).
1
Let u(h) = -48*h - 26633. Determine u(-555).
7
Let j(t) = -397677*t - 6362852. What is j(-16)?
-20
Let h(c) = c**3 - 33*c**2 + 12*c - 28. What is h(33)?
368
Let v(o) = 2*o**2 + 101*o - 1090. What is v(18)?
1376
Let r(k) = 835*k + 6427. Give r(-8).
-253
Let i(g) = -g**3 + 12*g**2 + 179*g - 394. What is i(2)?
4
Let c(k) = -2*k**3 - 771*k**2 - 11122*k - 108. Determine c(-15).
-3
Let c(x) = 23*x**2 - 665*x + 5829. Calculate c(9).
1707
Let w(i) = i**2 - 4888*i - 19586. Determine w(-4).
-18
Let m(n) = -n**3 + 24271*n**2 + 121377*n - 17. What is m(-5)?
-2
Let h(v) = 62295*v + 124637. Determine h(-2).
47
Let j(d) = -d**3 + 81*d**2 + 87*d - 7367. What is j(81)?
-320
Let b(r) = -54*r + 8893. Give b(156).
469
Let n(l) = -3*l**2 + 11418*l + 57026. What is n(-5)?
-139
Let c(z) = 540*z - 5544. Calculate c(9).
-684
Let v(f) = -11*f**3 - 93*f**2 - 24*f - 21. Calculate v(-8).
-149
Let b(q) = -1853*q - 38817. What is b(-21)?
96
Let j(n) = -n**3 + 16*n**2 + 362*n - 5459. Give j(14).
1
Let a(p) = 98*p - 1726. What is a(21)?
332
Let z(x) = -9*x**3 + 167*x**2 + 279*x - 110. What is z(20)?
270
Let v(h) = -h**2 + 7*h - 60. Determine v(7).
-60
Let y(v) = -17*v**2 + 121*v - 40. Give y(5).
140
Let r(p) = -41*p**2 - 3751*p + 895. Give r(-92).
-1037
Let k(v) = -6*v**2 - 534*v - 453. What is k(-88)?
75
Let b(n) = -6*n**3 + 3295*n**2 - 525*n - 13175. Determine b(549).
1
Let z(o) = -1965*o + 62824. Calculate z(32).
-56
Let k(s) = 2845*s + 14191. Give k(-5).
-34
Let p(u) = 29*u**3 + 4*u**2 - 21*u + 22. Give p(1).
34
Let z(m) = -m**3 + 361*m**2 + 8311*m + 44132. What is z(383)?
87
Let t(o) = -194799*o - 1168794. Give t(-6).
0
Let t(u) = 19*u**3 + 171*u**2 - 68*u - 610. Calculate t(-9).
2
Let h(m) = 7*m**2 + 1454*m - 22170. Give h(-222).
30
Let q(u) = -24*u**2 - 644*u + 676. Calculate q(1).
8
Let k(m) = 5*m**2 - 17*m - 1058. What is k(-17)?
676
Let m(v) = -4*v**2 + 205*v - 2317. Determine m(33).
92
Let p(l) = -l**3 - 77*l**2 + 232*l + 391. Give p(-80).
1031
Let f(d) = -349*d + 645. Give f(-3).
1692
Let m(d) = -14576*d + 364397. Calculate m(25).
-3
Let l(k) = -16*k**2 - 2040*k + 2046. Determine l(1).
-10
Let f(d) = -d**3 - 374*d**2 - 2620*d - 18715. What is f(-367)?
2
Let a(n) = 1809*n - 63122. What is a(37)?
3811
Let x(f) = 2*f**3 - 28*f**2 - 21*f - 129. What is x(16)?
559
Let g(k) = 4*k**3 - 53*k**2 - 349*k + 4289. Calculate g(14).
-9
Let y(h) = -3863*h + 46732. What is y(12)?
376
Let m(v) = 724*v + 3905. Determine m(-5).
285
Let i(h) = h**3 - 142*h**2 - 915*h + 26847. Calculate i(147).
387
Let v(g) = -g**3 - 100*g**2 + 26*g + 12328. What is v(-99)?
-47
Let l(j) = -j**2 + 284*j + 46430. Give l(-116).
30
Let z(i) = -178*i - 15358. What is z(-89)?
484
Let t(h) = 412*h**2 - 11527*h - 257. What is t(28)?
-5
Let p(j) = 30*j + 558. Give p(52).
2118
Let z(p) = -3*p**3 - 67*p**2 + 87*p + 2160. Calculate z(-21).
-1431
Let b(d) = -65*d + 405. Give b(0).
405
Let p(l) = 8*l**3 + 1103*l**2 - 1246*l + 689. Determine p(-139).
-6
Let m(a) = 21*a**3 - 7*a**2 - 4526*a + 13606. Determine m(3).
532
Let m(k) = k**2 + 1914*k + 153825. Calculate m(-84).
105
Let c(k) = -66995*k + 39259066. Determine c(586).
-4
Let w(q) = 548614*q - 5486141. Calculate w(10).
-1
Let t(c) = 2*c**2 - 147912*c - 2071194. Determine t(-14).
-34
Let v(x) = 16*x**3 + x**2 + 24*x + 6. What is v(4)?
1142
Let g(n) = 2*n**3 + 230*n**2 + 531*n + 61066. What is g(-115)?
1
Let d(i) = -2294*i + 4986. Give d(3).
-1896
Let v(h) = -1107*h + 24118. Give v(21).
871
Let q(d) = -2*d**3 - 7*d**2 + 20*d + 100. Calculate q(-6).
160
Let z(c) = 4436*c + 12755. Give z(-3).
-553
Let n(a) = 828309*a + 14081248. What is n(-17)?
-5
Let w(b) = b**2 + 90*b + 1770. What is w(-68)?
274
Let b(n) = 15817*n - 2767817. Determine b(175).
158
Let a(r) = -28*r**2 - 244*r + 21. Determine a(-9).
-51
Let v(t) = t**3 + 922*t**2 - 3212*t - 1260333. What is v(-924)?
3
Let p(d) = -6*d**3 - 3*d**2 + 18*d + 18. Determine p(5).
-717
Let j(g) = -g**3 + 14*g**2 - 433*g + 1932. Give j(5).
-8
Let g(z) = -162*z + 12227. Determine g(76).
-85
Let q(y) = -2*y**3 - 8*y**2 - 1417*y + 7484. Calculate q(5).
-51
Let h(q) = 396*q - 27047. Determine h(68).
-119
Let p(z) = -3353*z**2 - 1238*z + 2. Determine p(1).
-4589
Let k(v) = -1732347*v - 3464688. Calculate k(-2).
6
Let i(z) = -2*z**2 - 506*z - 24040. Give i(-65).
400
Let w(s) = -3*s**3 - 1990*s**2 - 8564*s + 1912. Determine w(-659).
-65
Let x(o) = -12*o + 1269. What is x(110)?
-51
Let k(h) = 264*h**2 - 538*h + 12. Give k(2).
-8
Let o(r) = -563*r**2 + 81661*r - 3770. Determine o(145).
0
Let l(n) = 1251*n**2 - 5087*n + 3. Calculate l(4).
-329
Let o(m) = 63136*m + 33. Determine o(0).
33
Let p(j) = 48*j + 843. What is p(17)?
1659
Let s(v) = 2*v**3 + 38*v**2 - 154*v - 2065. Calculate s(-20).
215
Let u(q) = -6226*q + 161883. Determine u(26)